{"id":894,"date":"2026-02-19T16:09:35","date_gmt":"2026-02-19T16:09:35","guid":{"rendered":"https:\/\/sketchup.geosysteming.com\/?post_type=product&#038;p=894"},"modified":"2026-02-24T14:13:38","modified_gmt":"2026-02-24T14:13:38","slug":"pro-advanced-workflows","status":"publish","type":"product","link":"https:\/\/sketchup.geosysteming.com\/index.php\/product\/pro-advanced-workflows\/","title":{"rendered":"PRO ADVANCED WORKFLOWS"},"content":{"rendered":"<p>Convierte sin esfuerzo ideas creativas en modelos 3D construibles con un software de dise\u00f1o intuitivo y profesional en el que conf\u00edan arquitectos, constructores y dise\u00f1adores de todo el mundo.<br \/>\nDesde bocetos r\u00e1pidos hasta creaciones complejas, SketchUp ofrece un conjunto accesible de herramientas para ayudarte a optimizar tu flujo de trabajo y gestionar tus proyectos de principio a fin. Dise\u00f1e y colabore con aplicaciones de modelado 3D para iPad y la web.<\/p>\n<p>Caracter\u00edsticas principales:<\/p>\n<p>&#8211; SketchUp para web: es una versi\u00f3n simplificada del modelador de escritorio, te permite crear en 3D directamente en tu navegador web.<br \/>\n&#8211; Visor para m\u00f3vil: Explora proyectos utilizando gestos multit\u00e1ctiles, toma medidas, controla la visibilidad de los modelos y combina tus modelos con el mundo que te rodea utilizando el modo RA.<br \/>\n&#8211; SketchUp para iPad: Tu kit de herramientas m\u00f3vil para dise\u00f1o 3D. Perfecto para crear, presentar y perfeccionar modelos f\u00e1cilmente, ya sea en el lugar de trabajo, en casa o en la oficina.<br \/>\n&#8211; SketchUp para escritorio: Profesional, robusto y preciso, SketchUp para escritorio es una plataforma de dise\u00f1o 3D completa y extensible. Nuestro modelador 3D m\u00e1s popular te permite crear r\u00e1pidamente e intuitivamente cualquier cosa que puedas imaginar. Disponible para dispositivos Windows y Mac.<br \/>\n&#8211; LayOut: Transforma los modelos 3D creados en SketchUp en dibujos y presentaciones 2D profesionales, escalados y anotados con LayOut, un complemento 2D dise\u00f1ado espec\u00edficamente para SketchUp.<br \/>\n&#8211; 3D Warehouse: Accede a m\u00e1s de 5 millones de modelos 3D y elementos 2D predise\u00f1ados, incluidos componentes activos, materiales fotorrealistas y entornos.<br \/>\n&#8211; Trimble Connect: Visualiza, comparte y accede a la informaci\u00f3n del proyecto desde cualquier lugar con Trimble Connect, basado en la nube.<br \/>\n&#8211; PreDesign: Obt\u00e9n recomendaciones de dise\u00f1o basadas en datos clim\u00e1ticos y el tipo de edificio.<br \/>\n&#8211; Extension Warehouse: Personaliza tu flujo de trabajo con m\u00e1s de 600 extensiones que automatizan tareas, impulsan la eficiencia y ampl\u00edan la funcionalidad.<br \/>\n&#8211; Scan Essentials: la importaci\u00f3n, visualizaci\u00f3n y modelado directamente a partir de datos de grandes nubes de puntos en SketchUp. Encaja en tu nube de puntos y utiliza las herramientas nativas de SketchUp para crear tu modelo.<br \/>\n&#8211; Componentes din\u00e1micos: Crea objetos param\u00e9tricos personalizados. Accede a m\u00e1s de 29 000 componentes din\u00e1micos ya construidos de 3D Warehouse y personal\u00edzalos.<br \/>\n&#8211; Componentes activos: Personaliza y reconfigura dimensiones y estilos en diferentes objetos como ventanas y marcos de madera para que se adapten a las necesidades de tu proyecto.<br \/>\n&#8211; Materiales fotorrealistas: Genera im\u00e1genes m\u00e1s realistas, de mejor calidad, con materiales fotorreales que reflejan las texturas con precisi\u00f3n y representan la forma en la que los materiales del mundo real reaccionan a la luz.<br \/>\n&#8211; Ambientes: Usa im\u00e1genes de 360 grados como fuente de luz y fondo visible para crear condiciones de iluminaci\u00f3n realistas en el entorno a las que los materiales fotorrealistas reaccionan.<\/p>\n","protected":false},"excerpt":{"rendered":"<p>&#8211; SketchUp para web: es una versi\u00f3n simplificada del modelador de escritorio, te permite crear en 3D directamente en tu navegador web.<br \/>\n&#8211; Visor para m\u00f3vil: Explora proyectos utilizando gestos multit\u00e1ctiles, toma medidas, controla la visibilidad de los modelos y combina tus modelos con el mundo que te rodea utilizando el modo RA.<br \/>\n&#8211; SketchUp para iPad: Tu kit de herramientas m\u00f3vil para dise\u00f1o 3D. Perfecto para crear, presentar y perfeccionar modelos f\u00e1cilmente, ya sea en el lugar de trabajo, en casa o en la oficina.<br \/>\n&#8211; SketchUp para escritorio: Profesional, robusto y preciso, SketchUp para escritorio es una plataforma de dise\u00f1o 3D completa y extensible. Nuestro modelador 3D m\u00e1s popular te permite crear r\u00e1pidamente e intuitivamente cualquier cosa que puedas imaginar. Disponible para dispositivos Windows y Mac.<br \/>\n&#8211; LayOut: Transforma los modelos 3D creados en SketchUp en dibujos y presentaciones 2D profesionales, escalados y anotados con LayOut, un complemento 2D dise\u00f1ado espec\u00edficamente para SketchUp.<br \/>\n&#8211; 3D Warehouse: Accede a m\u00e1s de 5 millones de modelos 3D y elementos 2D predise\u00f1ados, incluidos componentes activos, materiales fotorrealistas y entornos.<br \/>\n&#8211; Trimble Connect: Visualiza, comparte y accede a la informaci\u00f3n del proyecto desde cualquier lugar con Trimble Connect, basado en la nube.<br \/>\n&#8211; PreDesign: Obt\u00e9n recomendaciones de dise\u00f1o basadas en datos clim\u00e1ticos y el tipo de edificio.<br \/>\n&#8211; Extension Warehouse: Personaliza tu flujo de trabajo con m\u00e1s de 600 extensiones que automatizan tareas, impulsan la eficiencia y ampl\u00edan la funcionalidad.<br \/>\n&#8211; Scan Essentials: la importaci\u00f3n, visualizaci\u00f3n y modelado directamente a partir de datos de grandes nubes de puntos en SketchUp. Encaja en tu nube de puntos y utiliza las herramientas nativas de SketchUp para crear tu modelo.<br \/>\n&#8211; Componentes din\u00e1micos: Crea objetos param\u00e9tricos personalizados. Accede a m\u00e1s de 29 000 componentes din\u00e1micos ya construidos de 3D Warehouse y personal\u00edzalos.<br \/>\n&#8211; Componentes activos: Personaliza y reconfigura dimensiones y estilos en diferentes objetos como ventanas y marcos de madera para que se adapten a las necesidades de tu proyecto.<br \/>\n&#8211; Materiales fotorrealistas: Genera im\u00e1genes m\u00e1s realistas, de mejor calidad, con materiales fotorreales que reflejan las texturas con precisi\u00f3n y representan la forma en la que los materiales del mundo real reaccionan a la luz.<br \/>\n&#8211; Ambientes: Usa im\u00e1genes de 360 grados como fuente de luz y fondo visible para crear condiciones de iluminaci\u00f3n realistas en el entorno a las que los materiales fotorrealistas reaccionan.<\/p>\n","protected":false},"featured_media":902,"template":"","meta":[],"product_brand":[25],"product_cat":[24],"product_tag":[],"class_list":{"0":"post-894","1":"product","2":"type-product","3":"status-publish","4":"has-post-thumbnail","6":"product_brand-sketchup","7":"product_cat-software","9":"first","10":"instock","11":"shipping-taxable","12":"purchasable","13":"product-type-simple"},"_links":{"self":[{"href":"https:\/\/sketchup.geosysteming.com\/index.php\/wp-json\/wp\/v2\/product\/894","targetHints":{"allow":["GET"]}}],"collection":[{"href":"https:\/\/sketchup.geosysteming.com\/index.php\/wp-json\/wp\/v2\/product"}],"about":[{"href":"https:\/\/sketchup.geosysteming.com\/index.php\/wp-json\/wp\/v2\/types\/product"}],"wp:featuredmedia":[{"embeddable":true,"href":"https:\/\/sketchup.geosysteming.com\/index.php\/wp-json\/wp\/v2\/media\/902"}],"wp:attachment":[{"href":"https:\/\/sketchup.geosysteming.com\/index.php\/wp-json\/wp\/v2\/media?parent=894"}],"wp:term":[{"taxonomy":"product_brand","embeddable":true,"href":"https:\/\/sketchup.geosysteming.com\/index.php\/wp-json\/wp\/v2\/product_brand?post=894"},{"taxonomy":"product_cat","embeddable":true,"href":"https:\/\/sketchup.geosysteming.com\/index.php\/wp-json\/wp\/v2\/product_cat?post=894"},{"taxonomy":"product_tag","embeddable":true,"href":"https:\/\/sketchup.geosysteming.com\/index.php\/wp-json\/wp\/v2\/product_tag?post=894"}],"curies":[{"name":"wp","href":"https:\/\/api.w.org\/{rel}","templated":true}]}}